+ 8*y - 4. Let o be h(4). Let i be 6129 + (-4*2)/o. Suppose -i - 5481 = -4*l. Is l a composite number?
False
Let u = -70 + 73. Suppose -18 + 49 = 4*r - t, -u*t = 2*r - 33. Is ((-174)/r)/(2/(-15)) a prime number?
False
Let r(t) = 3328*t + 17443. Is r(52) a prime number?
False
Is 4/11 + (-23210703)/(-759) a composite number?
True
Suppose 10*x - 12*x = -4*y - 74070, -12 = -3*y. Is x a composite number?
True
Suppose -w + 4*w - 5*y = 82678, 10 = -2*y. Is w prime?
True
Suppose -4*f + 4*q + 0*q - 48 = 0, 0 = 5*q. Let s be (-4)/((56/f)/7). Suppose -1521 - 1509 = -s*n. Is n prime?
False
Is (36268169/(-1064))/((-2)/16) composite?
False
Let f(m) = -m**3 + 385*m**2 - 665*m + 1072. Is f(177) a composite number?
True
Let n = 1475736 - -59177. Is n a prime number?
False
Suppose -51*v = 2*v + 28*v - 69322959. Is v prime?
False
Let z = 1 - -2. Let a(q) = -q**2 + 317*q + 2943. Let i be a(-9). Suppose 0 = j + 5*m - 593 - 3363, -i = -z*m. Is j a prime number?
False
Is 2/19 - (13 - (-10062492)/(-209)) a composite number?
True
Let z = -1044 - -1145. Suppose -2*r = -0*r + 140. Let i = r + z. Is i prime?
True
Let p be 40/50*(-6)/((-12)/(-35)). Let k = p - -721. Is k a composite number?
True
Let c(q) = 402*q**2 - 378*q - 23. Is c(23) a composite number?
True
Suppose -201*v + 194*v + 5638717 = 0. Is v a composite number?
False
Let h(a) = 1722*a**2 - 285*a + 4379. Is h(16) a prime number?
True
Let x be -3*(-7)/21 - 11765. Let n = x - -20646. Is n composite?
True
Let o(t) = 23624*t - 1669. Is o(43) a composite number?
True
Suppose -p = 4*r - 2654, -7*r - 2*p = -8*r + 659. Let g = r + -282. Is g composite?
True
Let q = 88678 + 5109. Is q composite?
False
Let h be 6 - (-6)/(-9)*-2127. Suppose f - h = -2*v, -f + 1403 = -4*v - v. Is f a prime number?
False
Suppose 11*c = -2*c + 8957. Suppose 0 = -q + o - 3*o + 2082, 0 = -2*q + 5*o + 4128. Suppose 9*d - c = q. Is d composite?
False
Suppose -v - 2*f = -206967, 5*f + 1034865 = v + 4*v. Is v a composite number?
True
Let f(o) = 4*o**2 + 23*o - 9. Let j be f(-6). Let q(t) = -112*t - 71. Is q(j) a composite number?
True
Let h(v) be the first derivative of 10 - 21*v + 3*v**2 + 11/3*v**3. Is h(4) prime?
True
Let l = 12460 + 2301. Is l prime?
False
Let t(i) = 129*i + 124 + 176 + 230*i - 87 - 97*i. Is t(23) prime?
False
Let z be 1/(((-4)/(40/15))/(-3)). Suppose 0 = -z*g + r + 3471, 5*r - 1300 - 2141 = -2*g. Is g prime?
True
Suppose 0 = -2*r + 2*y + 75354, r = -4*y - 10455 + 48137. Is r a composite number?
True
Suppose -5*d - 24635 = -6*d + 4*h, 0 = -3*d + 3*h + 73887. Is d prime?
False
Let s = -170287 + 331320. Is s prime?
True
Let c(s) be the second derivative of s**5/10 + 23*s**4/4 - 21*s**3/2 - 11*s**2/2 - 7*s. Is c(-34) a prime number?
False
Suppose -6*h + 213 + 291 = 0. Is (-24)/h + (-5814)/(-14) a prime number?
False
Let b be (0 - 0)/(-15 + 17). Suppose b*z - 3*z + 17858 = -y, 5*z + y - 29750 = 0. Is z composite?
True
Let g = -51 - -53. Let h = -9 - -11. Suppose q + g*l - 64 = 151, -h*q - l = -442. Is q a composite number?
False
Is (2 - -107484*4) + -9 prime?
True
Let v(x) = -x**2 + 15*x - 35. Let n be v(9). Let i(r) = -24*r + 19. Let g be i(n). Let y = g - -880. Is y prime?
True
Let o = -16 - -21. Let v be (3 + 2)/o - -173. Let t = v - 80. Is t prime?
False
Let y be (-20)/(-6)*10/(-75)*-9. Suppose b + 158 = 4*z + 487, z + 1346 = y*b. Let v = -26 + b. Is v a composite number?
False
Let w be -657528*-3*(-6)/(-36). Suppose 11*t - w = -t. Is t a composite number?
False
Let f = -8274 + 17392. Suppose -f + 40706 = 4*s. Is s prime?
False
Let p(j) = j**3 - 8*j**2 - 9*j - 14. Let y be p(9). Let i be ((-1)/(-3))/(y/(-126)). Suppose -6*a + 7893 = i*a. Is a a composite number?
False
Let t(w) = -227*w + 12. Let q(x) = -453*x + 24. Let n(v) = -6*q(v) + 11*t(v). Let r be n(-2). Let l = r - -2913. Is l a composite number?
False
Let p be (6614/6)/(3/36). Let i = -5830 + p. Suppose 13*a - i = -5*a. Is a a prime number?
False
Suppose 10595 = 25*b - 120455. Is b prime?
False
Suppose -4*j = 7*c - 11*c - 20, -c - 5*j + 25 = 0. Suppose -516*l + 515*l + 1061 = c. Is l a composite number?
False
Let v(c) = -50*c**3 - 8*c**2 + 7*c + 5. Let p be v(-4). Suppose -2*d = -p - 7965. Is d a prime number?
True
Let d = -9 - -6. Let r(h) = 8*h**2 - 30*h - 3 - 23*h - 17*h + 82*h. Is r(d) composite?
True
Let t be ((-12)/7)/(5/(-35)). Is ((-3352)/t)/(-2)*3 prime?
True
Let f = 12458 + -4255. Is f prime?
False
Is (5216/96)/(15/17865) a prime number?
False
Let m be ((-42)/9)/(-7)*1*6. Suppose -26704 = m*h + 4*h. Let x = h - -7759. Is x a prime number?
True
Let i(c) be the third derivative of c**6/120 - 29*c**5/60 + 11*c**4/8 - 11*c**3 - 3*c**2 + 12*c. Is i(28) a composite number?
True
Let x be (-4820)/120 - 1/(-6). Is 794/5*(-100)/x prime?
True
Let q(a) = 3*a**2 + 13*a + 3. Let o be q(-3). Let d = -3 - o. Is (1/2)/(d/1572) composite?
False
Suppose -19*u + 13*u - 60 = 0. Let v be ((-32)/u)/(8/60*1). Suppose -21*z = -v*z + 531. Is z a prime number?
False
Is 10/(-8)*82629328/(-380) a composite number?
False
Let n = 14 + -1086. Let i = -749 - n. Let u = 726 - i. Is u a prime number?
False
Suppose 24 = -0*r - 4*r. Let w(l) = -5*l**3 - 4*l**2 + 5*l + 26. Let m(n) = -15*n**3 - 12*n**2 + 13*n + 77. Let b(c) = 6*m(c) - 17*w(c). Is b(r) prime?
False
Let n(f) = -93*f**2 + 119*f - 5. Let m(h) = 94*h**2 - 118*h + 3. Let z(s) = 6*m(s) + 5*n(s). Is z(9) composite?
True
Let v(u) = 1327*u - 9. Let d be v(-3). Let t = d + 11227. Is t composite?
False
Let n(r) = 1950*r**2 - 104*r - 577. Is n(-7) composite?
False
Let m(t) be the second derivative of 47*t**3/2 + 31*t**2/2 + 16*t. Let p(g) = 71*g + 16. Let a(x) = -3*m(x) + 5*p(x). Is a(-4) a composite number?
True
Suppose -18*m - 272 = -22*m. Let d = m + -80. Let o(t) = 6*t**2 + 18*t - 13. Is o(d) a prime number?
False
Let d(s) = -s**3 - 2*s**2 - 2*s - 2. Let z be d(-2). Suppose 0 = -u + z. Suppose 93 = w + u*w. Is w prime?
True
Suppose 281 + 714 = 5*c. Suppose -2 = -4*a - 2. Suppose a*p + 236 = 3*p - 5*j, 5*j = -2*p + c. Is p a composite number?
True
Let o be 0 + -54 + 12/(-8)*2. Let j = -58 - o. Is ((-1810)/4)/((-3)/(-6) + j) composite?
True
Let h(n) = 3659*n**3 - 2*n**2 + 78*n - 185. Is h(4) prime?
True
Let c be (-45)/60*100/(-15). Is (-10)/(100/(-502))*c prime?
True
Let r = 91 + -74. Let x = r + -15. Is (67/x)/((-16)/(-32)) a composite number?
False
Suppose -2*p - 12*r + 87431 = -15*r, 0 = -5*r + 25. Is p a composite number?
True
Suppose 72*w + 35*w = 8616817. Is w prime?
False
Suppose 0*d + 3*q - 37 = -5*d, -31 = -3*d - 4*q. Let g = -66 + 95. Suppose -4*c + 4*i = i - 79, -2*c = -d*i - g. Is c a composite number?
True
Let j(f) = 104176*f - 913. Is j(23) prime?
False
Is ((-24)/21)/4 + 22/((-1232)/(-3894200)) composite?
False
Let g = 140425 + -96330. Is g prime?
False
Let m(p) = -87*p**3 - 10*p**2 - 143*p - 1495. Is m(-12) a prime number?
False
Let g(i) = 416*i**3 - i**2 - 5*i + 3. Let r be g(3). Let n = r + -5960. Is n prime?
False
Suppose 9*x = 12*x - 3*a - 105, 0 = 4*x - 2*a - 148. Suppose -48*u + 60741 = -x*u. Is u composite?
True
Suppose q = -o + 4028, 0 = -4*o - 2*q + 19042 - 2930. Suppose 4*f + o = -2*i + 6*i, 6 = 3*f. Is i composite?
False
Suppose 5*r = -j + r - 13, 5*j - 3*r - 50 = 0. Suppose 0 = 13*u - j*u - 18. Suppose 3*p - u*a - 3141 = 2*p, -p - 3*a + 3153 = 0. Is p composite?
True
Let y = -1172564 + 2350071. Is y prime?
True
Suppose 0 = -5*c + c - v + 13396, -v = -4*c + 13396. Suppose 5*n - c - 8771 = 0. Suppose -3*u = -2*r + 1334, 0 = -3*r + u + n - 409. Is r prime?
True
Let k = -12355 + 43889. Is k prime?
False
Let d(i) = -i**2 + 11*i - 7. Let h be d(10). Let n be (-16)/(h + 1)*-340. Suppose -3*z + 5415 = 4*y - 8*z, -5*z = y - n. Is y composite?
True
Let u = 46 - 26. Is (-3)/(-5) + (27588/u - 7) prime?
True
Suppose 2*x = 3*s - 1435579, 8*s + 5*s - 6220784 = -3*x. Is s prime?
True
Is (-1025193816)/(-3172) + (1 + 40/(-13) - -2) a prime number?
True
Suppose -5*b - 2295 = -2*b + 3*j, -2*j + 1550 = -2*b. Let p(u) = u**2 - 85*u - 7. Let f be p(24). Let w = b - f. Is w a composite number?
False
Let n = 1677 - 813. Let g = n + -365. Suppose 5*p - g = -3*j, -650 = -4*j + p - 0*p. Is j a composite number?
False
Is ((-4306)/6)/(0 + -1 + (-82)/(-123)) composite?
False
Let u(x) = 2*x**3 - 15*x**2 + 11*x + 19. Suppose 0 = -4*a - l + 